 - 10. Let s(m) = m**3 - 4*m**2 - m - 9. Let b(p) = -3*s(p) + 4*w(p). Calculate b(0).
-13
Let y(z) = 8*z + 18*z - 9*z - 4*z. Let c(j) = 7*j. Let d(g) = -11*c(g) + 6*y(g). Determine d(-3).
-3
Let h(a) = -2*a - 4. Let f be h(-3). Let z(l) = l**2 - 3*l - 11. Let x(w) = -3*w**2 + 9*w + 31. Let n(m) = 6*x(m) + 17*z(m). Determine n(f).
1
Let g(o) = -5*o. Suppose 2*k - 10 = 2*n, -3*n - 2 = -2*n. Suppose k*l + 5*c = -21, 2*l + c + 4 = -3. Calculate g(l).
10
Let l be (4/3 + 0)*-3. Let b = -4 - l. Let m(d) = 5 - d + b - 1. Determine m(-6).
10
Let j(q) = -q**2 + 4*q + 4. Let x be (5/(-5))/((-2)/(-2)). Let z = 6 - x. Suppose 4*v - 4*h + 4 = 0, -2*h + z = -3. Calculate j(v).
4
Let m(a) = 26*a**2 - 2*a + 1. Suppose 2*v = 13*v - 11. Calculate m(v).
25
Let k(x) = -x**2 + 9*x - 13. Let n be k(6). Suppose 0 = 5*a + c + 24, -5*a + a - 15 = n*c. Let b(l) = l - 1. Calculate b(a).
-6
Let b(d) = -7*d. Suppose 534*f - 525*f + 9 = 0. Determine b(f).
7
Let h(n) = -9*n**3 + 11*n**2 - 12*n + 27. Let c(w) = 16*w**3 - 23*w**2 + 28*w - 55. Let m(l) = 4*c(l) + 7*h(l). Determine m(13).
-5
Suppose -4*k - r + 19 = 0, -k = -5*r - 34 + 3. Let l(g) = -3*g + k + 1 - 4 + 0. Suppose -p + 2*u + 7 = 0, 3*p + 2*u - u = 7. Calculate l(p).
-6
Suppose -1 = 2*w - 5. Suppose 0 = -2*z - w*z + 24. Let s(g) be the first derivative of -g**4/4 + 7*g**3/3 - 3*g**2 - 5*g - 66. Give s(z).
-5
Suppose 0 = 3*i - 6*i. Let d be i/(-4 - -6 - 0). Let f(c) be the first derivative of -c**3/3 + 6*c - 1. Give f(d).
6
Let c(s) be the first derivative of s**3/3 + 3*s**2 - 7*s - 374. Calculate c(-6).
-7
Suppose 12 = 6*p - 2*p. Let n(r) = 9*r**3 + r - 20*r**3 - 4 + 10*r**p - 2*r**2 + 7*r**2. Calculate n(5).
1
Let g(j) = 10*j - 2 - 80*j + 44*j + j**2 + 18*j + 9*j. Suppose 0 = -5*c - 5*p - 5, 3 = -3*p + 12. Calculate g(c).
10
Let h(n) = -n**2 - 10*n + 6. Suppose -6 = -3*p, 0 = 5*o - 4*p + p + 56. Calculate h(o).
6
Suppose 0 = 2*g - 1 - 7, g = 5*n - 11. Let k(i) = -n - 443*i + 444*i - 1. What is k(-3)?
-7
Let n be 1 + (-1 - 156/(-3)). Suppose -57*x - 10 = -n*x. Let c(o) = 2*o**2 + 2*o - 1. What is c(x)?
3
Let o(m) = -7*m - 19. Let s(n) be the second derivative of 5*n**2 + 5*n + 2/3*n**3 + 0. Let b(z) = 6*o(z) + 11*s(z). What is b(4)?
4
Let j(p) = 8*p**3 + 1. Let c(v) = v**3 + 4*v**2 + v + 5. Let b be c(-4). What is j(b)?
9
Let p(h) = -2*h + 4. Let c = 23 - 29. Let z = 13 + c. What is p(z)?
-10
Let b(r) be the first derivative of 4*r**3/3 - r**2 + r + 147. What is b(2)?
13
Let c(f) = -f**2 + 2 + 3*f + f**3 + 0*f - 2*f**3. Let u = 98 + -139. Let q = 38 + u. What is c(q)?
11
Let o(a) = 7*a**3 - 2*a**2 + 8*a + 7. Let i(b) = 9*b**3 - b**2 + 8*b + 9. Let k(y) = 4*i(y) - 5*o(y). Calculate k(-7).
8
Let l = 52 - 46. Let p be (-2)/l + -1*48/(-9). Let y(m) = 2 - 1 - 2*m + 3*m. Give y(p).
6
Suppose 0*u - 72 = -9*u. Let z(d) = -d**3 + 8*d**2 - 8. Calculate z(u).
-8
Let x(d) = 6*d - 2. Suppose 0 = 2*h + 4*m - 24, 4*h - m + 5*m - 28 = 0. Let n(l) = 2*l**2 - l - 4. Let u be n(h). Determine x(u).
10
Let c(x) = 4*x + 20. Let i = -686 + 681. What is c(i)?
0
Suppose 3*y + 6 = d - 0*y, -6 = -d - 2*y. Let l(i) = d*i**2 - 7*i**2 + 3*i - i**2 - i**3 + 1. Let s be (-2)/(-4) + 10/(-4). Determine l(s).
-5
Let c be (-4)/10 + 26/(-10). Let d(m) be the second derivative of 0*m**3 + 21*m - 1/6*m**4 + 3/2*m**2 + 0. Calculate d(c).
-15
Let u be 4/(-2)*1/(-1). Let h = u - -2. Let k(l) = -h - l - 3 + l**2 + 7. What is k(2)?
2
Let q(d) = -6 - 30*d**2 + 57*d**2 - 28*d**2 + 2 - 2*d. Calculate q(-4).
-12
Let d = 25 - 27. Let g(z) = 7 + 7*z**2 - 9*z + 2*z**3 - 2*z**3 + z**3. Let w(j) = -j**3 + j. Let s(o) = d*w(o) - g(o). What is s(6)?
-1
Let x = -509 - -510. Let j(v) = 57*v**3 - v**2 + 2*v - 1. What is j(x)?
57
Let s(m) be the first derivative of -m**3/3 - 3*m**2/2 - 4*m + 1. Let w be (-2)/(-15) + 8*403/(-780). Give s(w).
-8
Let h(b) = -b**3 + 14*b**2 + 2. Let i be h(14). Let t(w) = -w - 2. Calculate t(i).
-4
Let f(b) = b**3 - 4*b**2 - 4*b - 1. Let j(c) be the second derivative of -c**4/12 + 2*c**3/3 + 5*c**2/2 - 3*c. Let n be j(4). What is f(n)?
4
Let o(k) = -12*k**2 - 8 + 0*k**3 + 10 - k**3 + 10. Calculate o(-12).
12
Let x(w) = -6*w + 47. Let d be x(7). Let j(i) = -1 - 484*i + 484*i - d*i**2. Give j(1).
-6
Let g(i) = i**3 - 5*i**2 - 7*i + 8. Suppose -14*p = -15 + 1. Let q be (1 + p - -4) + (8 - 8). Determine g(q).
2
Let o(a) = 13*a - 6*a - 11 - 10*a. Determine o(-6).
7
Let u = -6 + 18. Let b be -2 + 8/u*-3. Let p(r) = -r**2 - 2*r + 4. Determine p(b).
-4
Let c(q) be the first derivative of -6 + 3*q**2 - 1/3*q**3 + 2*q. Determine c(6).
2
Let p = 246 - 249. Let o(g) = 2*g**3 + 3*g**2 + g. Give o(p).
-30
Let k = 3 + 23. Suppose 3*f = -5*x + k, 0*f - 3*x = -3*f - 6. Let q(o) = o + 1 + o + 10*o - 8*o - 3*o. Calculate q(f).
3
Let y(r) = 14*r**3 - 5*r**2 + 2*r + 22. Let k(j) = 5*j**3 - 2*j**2 + j + 8. Let p(l) = 11*k(l) - 4*y(l). What is p(2)?
-10
Suppose b = 2*b - 1. Let l(i) = -16*i**2 - 12*i - 29. Let a(s) = 46*s**2 + 34*s + 82. Let h(r) = 6*a(r) + 17*l(r). Calculate h(b).
3
Let x(z) = 2*z - 6. Suppose 0*n = -3*n - 51. Let b = 19 + n. Suppose -3*l = -4*p + 25, b*p - 2*l = -3*l + 5. Calculate x(p).
2
Let c(l) = 3*l - 1. Suppose -o + 8 = -3*q + 21, 10 = -o + 2*q. Give c(o).
-13
Suppose 5*x + 5*d - 105 = 0, 0 = -9*x + 13*x - 4*d - 108. Let w(t) = 2*t - 39. Determine w(x).
9
Let s(c) = -c - 4. Let j(p) = -3*p - 3. Let u(n) = j(n) - 2*s(n). Let y = -10 + 16. Determine u(y).
-1
Let x be 332/68 - (-2)/17. Suppose -3*s - 9 = -2*l, -x*s - l - l = -1. Let c(b) be the first derivative of 9*b**4/4 + b**2/2 + b + 1. Calculate c(s).
-9
Let i(z) = z**2 + 7*z + 3. Let f(a) = -a**2 - a + 5. Let l(p) = -p**3 + 6*p**2 - 4*p - 5. Let t be l(5). Let h be f(t). Let u = h + -11. Give i(u).
-3
Let x(j) = j**2 - j - 1. Suppose 16*f = -63*f - 158. What is x(f)?
5
Let u(s) = 8*s + 5. Let r(f) = -2*f. Let o(w) = -5*r(w) - u(w). Give o(3).
1
Let a(h) = 8*h + 7 - 34*h + 12*h + 13*h. Give a(4).
3
Let x(q) = q**2 + 11*q - 5. Let g(m) = -m**2 + 25*m - 11. Let v be g(0). What is x(v)?
-5
Let j(z) be the first derivative of -9*z**2/2 + 15*z - 555. Determine j(5).
-30
Suppose -11 = -3*t - 4*b, 4*t + 4 = 6*t + 2*b. Suppose -2*r = -0*k - 2*k - 2, 0 = -4*r - 2*k + 34. Let c(y) = -1 + 2*y + 3 - 11 + r. Give c(t).
-9
Suppose 41*o = 20*o + 42. Let h(x) = -14*x. Calculate h(o).
-28
Let r(j) = -j**3 - 2*j - 10*j**3 + 3*j + j**2 - 1. Let u = 0 + 0. Suppose u = -5*a + 5 - 0. Determine r(a).
-10
Let x(m) be the third derivative of 0 + 1/8*m**4 + 0*m - m**2 - 5/6*m**3. Suppose -k = 4*k - 20. Determine x(k).
7
Let p(z) = -z**2 - 4*z + 7. Let g be p(-5). Let j(r) = -r**2 + 3 - 6 + 2 - g*r**3 + 3*r**3. Calculate j(2).
3
Let l(o) = -o**3 - 6*o**2 + 3*o - 6. Let q(x) = x**3 + x**2 - x + 1. Let m(p) = l(p) + 5*q(p). Let u = -9 + 12. Suppose 5*n - 2*n = -u. Calculate m(n).
-4
Let y = 16 - 8. Let r(t) = 1 - t - 5 + 1 + 11. Calculate r(y).
0
Suppose 4*g = 2*v - 8, -5*v + 160*g + 28 = 158*g. Let f(c) = c**2 - 5*c - 11. Determine f(v).
-5
Let q(p) = p**3 - 6*p**2 + 6*p - 3. Let f be 1/(-6) + (-40144)/(-96). Let u be (-1)/(-5) + f/110. What is q(u)?
-11
Let o = -169 + 168. Let u(d) be the third derivative of -13*d**6/120 + d**4/24 + d**2. Calculate u(o).
12
Let i(a) be the second derivative of -a**5/120 + a**4/24 - a**3/6 + 2*a. Let d(h) be the second derivative of i(h). Let c be 4/(-50)*10*(-5)/2. What is d(c)?
-1
Let i(x) be the second derivative of x**5/20 + 11*x**4/12 + 3*x**3/2 - 6*x**2 - 3*x - 57. Calculate i(-10).
-2
Suppose 5*h + 820 = 5*b, 534 + 118 = -4*h + 3*b. Let l = -154 - h. Let t(g) = 2 - g + 7 - 2. Calculate t(l).
1
Let h be 14*(12/(-8) + 2). Let q(u) = -4*u**3 + 5*u**2 + 7*u - 2. Let p(o) = -9*o**3 + 11*o**2 + 14*o - 3. Let v(z) = h*q(z) - 3*p(z). What is v(4)?
-9
Let x = 137 - 128. Let s(w) = -w - 3. Calculate s(x).
-12
Let t(m) = 12*m - 14*m + 1 - 6 - 1 - m**2. Calculate t(-4).
-14
Let m = 247/2 - 123. Let s(f) be the second derivative of -4*f + 0 - 1/6*f**3 + m*f**2. Calculate s(3).
-2
Let c(u) = -u**2 - 10*u - 3. Suppose 10*o - 8*o + 3*p - 44 = 0, -4*o + 120 = -2*p. Suppose 6*j = j + 5*m, -o = 5*j + 2*m. Determine c(j).
21
Suppose -3*z + 6 = 0, 3*s + 3*z + 0 = 18. Suppose -3*x = s + 8. Let t(h) be the second derivative of h**4/12 + h**3 + 5*h**2/2 - 2*h. Give t(x).
-3
Let q(s) = -s**2 - 10*